{"id":189,"date":"2020-02-06T10:43:00","date_gmt":"2020-02-06T09:43:00","guid":{"rendered":"http:\/\/www.hervekerac.fr\/?page_id=189"},"modified":"2022-04-03T13:15:21","modified_gmt":"2022-04-03T11:15:21","slug":"pro","status":"publish","type":"page","link":"https:\/\/www.hervekerac.fr\/index.php\/pro\/","title":{"rendered":"&#8211; Pro &#8211;"},"content":{"rendered":"\n<div class=\"wp-block-columns has-2-columns is-layout-flex wp-container-core-columns-is-layout-9d6595d7 wp-block-columns-is-layout-flex\">\n<div class=\"wp-block-column is-layout-flow wp-block-column-is-layout-flow\">\n<div class=\"wp-block-media-text alignwide is-stacked-on-mobile\"><figure class=\"wp-block-media-text__media\"><img loading=\"lazy\" decoding=\"async\" width=\"931\" height=\"931\" src=\"http:\/\/www.hervekerac.fr\/wp-content\/uploads\/2018\/12\/Photo-presse-1.jpg\" alt=\"\" class=\"wp-image-945 size-full\" srcset=\"https:\/\/www.hervekerac.fr\/wp-content\/uploads\/2018\/12\/Photo-presse-1.jpg 931w, https:\/\/www.hervekerac.fr\/wp-content\/uploads\/2018\/12\/Photo-presse-1-250x250.jpg 250w, https:\/\/www.hervekerac.fr\/wp-content\/uploads\/2018\/12\/Photo-presse-1-100x100.jpg 100w, https:\/\/www.hervekerac.fr\/wp-content\/uploads\/2018\/12\/Photo-presse-1-350x350.jpg 350w, https:\/\/www.hervekerac.fr\/wp-content\/uploads\/2018\/12\/Photo-presse-1-150x150.jpg 150w, https:\/\/www.hervekerac.fr\/wp-content\/uploads\/2018\/12\/Photo-presse-1-300x300.jpg 300w, https:\/\/www.hervekerac.fr\/wp-content\/uploads\/2018\/12\/Photo-presse-1-768x768.jpg 768w\" sizes=\"auto, (max-width: 767px) 89vw, (max-width: 1000px) 54vw, (max-width: 1071px) 543px, 580px\" \/><\/figure><div class=\"wp-block-media-text__content\">\n<p class=\"has-large-font-size\"><\/p>\n<\/div><\/div>\n<\/div>\n\n\n\n<div class=\"wp-block-column is-layout-flow wp-block-column-is-layout-flow\">\n<p>Auteur-compositeur-interpr\u00e8te<\/p>\n\n\n\n<p class=\"has-text-align-left has-very-light-gray-color has-text-color has-small-font-size\"><em>\u00ab\u00a0 T\u2019en connais beaucoup toi, des gars qui sont foutus de transformer un amas de mots en vo\u00fbte c\u00e9leste [\u2026] Le talent est l\u00e0, entre br\u00fblures tendres et m\u00e9lancolies embellies\u00a0\u00bb<\/em> <strong>Or Norme<\/strong><\/p>\n\n\n\n<p class=\"has-very-light-gray-color has-text-color has-small-font-size\"><em>\u00ab&nbsp;Un album \u00e0 mettre au programme de votre vie&nbsp;\u00bb&nbsp;<\/em><strong>Top&nbsp;Music<\/strong><\/p>\n\n\n\n<p class=\"has-very-light-gray-color has-text-color has-small-font-size\"><em>\u00ab&nbsp;Une voix chaude [\u2026] On va passer au fil du disque par divers \u00e9tats d\u2019\u00e2me.  L\u2019amour, ses fulgurances et ses d\u00e9sillusions. Echec et ivresse du bonheur perdu ou retrouv\u00e9 [\u2026]&nbsp; &lsquo;Passer par l\u00e0&rsquo;, tr\u00e8s beau duo sur deux timbres de voix parfaitement en \u00e9quilibre l\u2019une sur, ou \u00e0 c\u00f4t\u00e9 de l\u2019autre. Femme-homme comme unis dans une r\u00e9surrection et l\u2019espoir d\u2019un avenir meilleur. &lsquo;La Ronde&rsquo;, sans doute un des sommets de l\u2019album offre une excellente satire sociale. Grave, claire et concise avec \u2018leurs pri\u00e8res mon\u00e9taires\u2019[\u2026]&nbsp;\u00bb&nbsp;<\/em><strong>Francofans<\/strong><\/p>\n\n\n\n<p class=\"has-very-light-gray-color has-text-color has-small-font-size\"><em>\u00ab&nbsp;Des textes cisel\u00e9s, parfois muscl\u00e9s, entre profondeur et l\u00e9g\u00e8ret\u00e9&nbsp;\u00bb<\/em>&nbsp;<strong>France&nbsp;bleu<\/strong><\/p>\n<\/div>\n<\/div>\n\n\n\n<hr class=\"wp-block-separator is-style-wide\"\/>\n\n\n\n<p class=\"has-text-color\" style=\"color:#66696a\"><strong>Biographie<\/strong><\/p>\n\n\n\n<p class=\"has-text-color has-small-font-size\" style=\"color:#c8d0d3\">De la po\u00e9sie chant\u00e9e, de la chanson\nrock \u00e0 texte, de la chanson fran\u00e7aise n\u00e9oromantique ! Peu importe le flacon,\nles chansons d\u2019Herv\u00e9 K\u00e9rac travaillent la langue, textes cisel\u00e9s et\nd\u00e9licatement pos\u00e9es sur d\u2019efficaces m\u00e9lodies.<\/p>\n\n\n\n<p class=\"has-very-light-gray-color has-text-color has-small-font-size\"><\/p>\n\n\n\n<p class=\"has-text-color has-small-font-size\" style=\"color:#c8d0d3\"> Herv\u00e9 K\u00e9rac d\u00e9bute la musique d\u00e8s l\u2019\u00e2ge de 7 ans avec l\u2019apprentissage du piano, avant de d\u00e9couvrir son deuxi\u00e8me instrument, la guitare, \u00e0 l\u2019adolescence. C\u2019est, plus tard, au d\u00e9but de ses \u00e9tudes de lettres qu\u2019il commence \u00e0 \u00e9crire des premiers po\u00e8mes sur lesquels il commence \u00e0 poser quelques accords de guitares et autres m\u00e9lodies au piano. La po\u00e9sie devient chant\u00e9e, et c\u2019est ainsi qu\u2019il commence \u00e0 cr\u00e9er un v\u00e9ritable univers, entre chanson \u00e0 texte et chanson-rock. Poursuivant ses \u00e9tudes de lettres \u00e0 Paris, il continue \u00e0 \u00e9crire et \u00e0 composer, participe avec bonheur \u00e0 diff\u00e9rents concours de po\u00e9sies et avec un r\u00e9pertoire original d\u2019une quinzaine de chansons, commence \u00e0 se produire dans les caf\u00e9s concerts parisiens. Soutenu par le parolier Etienne Roda-Gil , qui \u00e0 la lecture de ses textes, \u00e0 l&rsquo;\u00e9coute de ses chansons, le soutient et l&rsquo;encourage \u00e0 entrer en studio afin d&rsquo;enregistrer une premi\u00e8re maquette. Herv\u00e9 a 22 ans, \u00e0 la Sorbonne le jour, sur sc\u00e8ne ou en studio le soir. Mais devenu professeur de lettres, il doit plus ou moins malgr\u00e9 lui, d\u00e9laisser la musique. Pour autant il continue d&rsquo;\u00e9crire, de composer, souvent pour d&rsquo;autres, loin des projecteurs.<\/p>\n\n\n\n<p class=\"has-text-color has-small-font-size\" style=\"color:#c8d0d3\">De retour \u00e0 Strasbourg, sa ville presque d\u2019origine, Herv\u00e9 rencontre la chanteuse lyrique Myriam Aouadi-Brunner (qui figure d\u2019ailleurs sur le premier album, pour un duo, et aux ch\u0153urs sur deux autres titres), musicienne, m\u00e9lomane et amatrice de chanson fran\u00e7aise, c\u2019est d\u2019abord elle qui l\u2019incite fortement \u00e0 reprendre la sc\u00e8ne, \u00e0 relancer l\u2019aventure. Il \u00e9crit, compose de nouvelles chansons et croise alors la route du guitariste Raphael Lamothe. La complicit\u00e9 artistique est \u00e9vidente et c\u2019est avec lui qu\u2019il d\u00e9cide de reprendre l&rsquo;aventure, de retrouver la sc\u00e8ne et les studios. Herv\u00e9 \u00e9crit , compose et commence&nbsp; \u00e0 collaborer avec Rapha\u00ebl sur des arrangements. Apr\u00e8s plusieurs concerts, et&nbsp; accompagn\u00e9s de ses nouveaux musiciens (Rapha\u00ebl Lamothe : guitare \/ Nils Boyny : claviers\/ Olivier Lamothe : basse \/ Guillaume Gu\u00e9gan : batterie) Herv\u00e9 K\u00e9rac entre en 2016 au Downtown Studio \u00e0 Strasbourg &#8211; avec Eric Gauthier-Lafaye aux manettes &#8211; afin d\u2019enregistrer son premier album. Un avant-go\u00fbt de l\u2019album est d\u00e9voil\u00e9 en mai 2016 avec la sortie digitale  d\u2019un premier single qui s&rsquo;intitule \u00ab\u00a0A l&rsquo;envers\u00a0\u00bb. <\/p>\n\n\n\n<p class=\"has-text-align-left has-text-color has-small-font-size\" style=\"color:#c8d0d3\">D\u00e9laissant \u00e0 pr\u00e9sent l\u2019enseignement et se consacrant enti\u00e8rement \u00e0 l\u2019\u00e9criture et \u00e0 la musique, Herv\u00e9 nous d\u00e9voile&nbsp;&nbsp;<em>La R\u00e9sistance<\/em>&nbsp;depuis&nbsp; mars dernier. Dans cet album qui compte 12 titres (11 titres originaux et une reprise de Brassens), l\u2019auteur-compositeur-interpr\u00e8te nous invite dans son univers po\u00e9tico-musical,&nbsp; met en exergue les sentiments, la vie int\u00e9rieure, entre rock et chanson, de nos br\u00fblures tendres \u00e0 nos m\u00e9lancolies embellies.  Accompagn\u00e9s de ses musiciens, Herv\u00e9 K\u00e9rac nous emm\u00e8ne sur sc\u00e8ne dans un autre \u00ab\u00a0Ailleurs\u00a0\u00bb, de l&rsquo;ivresse \u00e0 l&rsquo;amour,  entre po\u00e9sie et rock, \u00e0 fleur de peau, entre \u00e9corchures vives et sensibles ballades.<\/p>\n\n\n\n<p class=\"has-text-color has-small-font-size\" style=\"color:#c7d0d3\">Nomm\u00e9 avec des artistes ou groupes comme Lyre le temps, Amoure, Freez ou encore Matskat, Herv\u00e9 K\u00e9rac se retrouve \u00e0 la deuxi\u00e8me place des votes du public dans la cat\u00e9gorie \u00ab&nbsp;Groupe\/&nbsp;Artiste solo de l\u2019ann\u00e9e 2018&nbsp;\u00bb lors des r\u00e9compenses culturelles r\u00e9gionales (Hoplawards).<\/p>\n\n\n\n<p class=\"has-text-color has-small-font-size\" style=\"color:#c8d0d3\">Apr\u00e8s le titre&nbsp;\u2018A l\u2019envers\u2019, c\u2019est le duo \u2018Passer par l\u00e0\u2019 (avec Myriam Aouadi-Brunner) &#8211; single qui fait l\u2019objet d\u2019un clip &#8211; qui est mis en lumi\u00e8re. Un nouveau single \/ clip est attendu pour ce d\u00e9but d&rsquo;ann\u00e9e 2020&#8230;<\/p>\n\n\n\n<hr class=\"wp-block-separator is-style-wide\"\/>\n\n\n\n<p class=\"has-text-color\" style=\"color:#6c7173\"><strong>Fiches techniques<\/strong><\/p>\n\n\n\n<div class=\"wp-block-image\"><figure class=\"alignleft is-resized\"><img loading=\"lazy\" decoding=\"async\" src=\"http:\/\/www.hervekerac.fr\/wp-content\/uploads\/2018\/11\/plan-de-sce\u0300ne-1-1024x819.jpg\" alt=\"\" class=\"wp-image-389\" width=\"615\" height=\"492\" srcset=\"https:\/\/www.hervekerac.fr\/wp-content\/uploads\/2018\/11\/plan-de-sce\u0300ne-1-1024x819.jpg 1024w, https:\/\/www.hervekerac.fr\/wp-content\/uploads\/2018\/11\/plan-de-sce\u0300ne-1-350x280.jpg 350w, https:\/\/www.hervekerac.fr\/wp-content\/uploads\/2018\/11\/plan-de-sce\u0300ne-1-300x240.jpg 300w, https:\/\/www.hervekerac.fr\/wp-content\/uploads\/2018\/11\/plan-de-sce\u0300ne-1-768x614.jpg 768w\" sizes=\"auto, (max-width: 615px) 100vw, 615px\" \/><\/figure><\/div>\n\n\n\n<div class=\"wp-block-image\"><figure class=\"alignleft is-resized\"><img loading=\"lazy\" decoding=\"async\" src=\"http:\/\/www.hervekerac.fr\/wp-content\/uploads\/2018\/11\/Dossier-de-pre\u0301sentation-Sans-liens-5-1024x819.jpg\" alt=\"\" class=\"wp-image-388\" width=\"620\" height=\"496\" srcset=\"https:\/\/www.hervekerac.fr\/wp-content\/uploads\/2018\/11\/Dossier-de-pre\u0301sentation-Sans-liens-5-1024x819.jpg 1024w, https:\/\/www.hervekerac.fr\/wp-content\/uploads\/2018\/11\/Dossier-de-pre\u0301sentation-Sans-liens-5-350x280.jpg 350w, https:\/\/www.hervekerac.fr\/wp-content\/uploads\/2018\/11\/Dossier-de-pre\u0301sentation-Sans-liens-5-300x240.jpg 300w, https:\/\/www.hervekerac.fr\/wp-content\/uploads\/2018\/11\/Dossier-de-pre\u0301sentation-Sans-liens-5-768x614.jpg 768w\" sizes=\"auto, (max-width: 620px) 100vw, 620px\" \/><\/figure><\/div>\n","protected":false},"excerpt":{"rendered":"<p>Auteur-compositeur-interpr\u00e8te \u00ab\u00a0 T\u2019en connais beaucoup toi, des gars qui sont foutus de transformer un amas de mots en vo\u00fbte c\u00e9leste [\u2026] Le talent est l\u00e0, entre br\u00fblures tendres et m\u00e9lancolies embellies\u00a0\u00bb Or Norme \u00ab&nbsp;Un album \u00e0 mettre au programme de votre vie&nbsp;\u00bb&nbsp;Top&nbsp;Music \u00ab&nbsp;Une voix chaude [\u2026] On va passer au fil du disque par divers &hellip; <\/p>\n<p class=\"link-more\"><a href=\"https:\/\/www.hervekerac.fr\/index.php\/pro\/\" class=\"more-link\">Continuer la lecture<span class=\"screen-reader-text\"> de &laquo;&nbsp;&#8211; Pro &#8211;&nbsp;&raquo;<\/span><\/a><\/p>\n","protected":false},"author":3,"featured_media":0,"parent":0,"menu_order":8,"comment_status":"closed","ping_status":"closed","template":"","meta":{"footnotes":""},"class_list":["post-189","page","type-page","status-publish","hentry"],"yoast_head":"<!-- This site is optimized with the Yoast SEO plugin v27.4 - https:\/\/yoast.com\/product\/yoast-seo-wordpress\/ -->\n<title>- Pro - Herv\u00e9 K\u00e9rac<\/title>\n<meta name=\"robots\" content=\"index, follow, max-snippet:-1, max-image-preview:large, max-video-preview:-1\" \/>\n<link rel=\"canonical\" href=\"https:\/\/www.hervekerac.fr\/index.php\/pro\/\" \/>\n<meta property=\"og:locale\" content=\"fr_FR\" \/>\n<meta property=\"og:type\" content=\"article\" \/>\n<meta property=\"og:title\" content=\"- Pro - Herv\u00e9 K\u00e9rac\" \/>\n<meta property=\"og:description\" content=\"Auteur-compositeur-interpr\u00e8te \u00ab\u00a0 T\u2019en connais beaucoup toi, des gars qui sont foutus de transformer un amas de mots en vo\u00fbte c\u00e9leste [\u2026] Le talent est l\u00e0, entre br\u00fblures tendres et m\u00e9lancolies embellies\u00a0\u00bb Or Norme \u00ab&nbsp;Un album \u00e0 mettre au programme de votre vie&nbsp;\u00bb&nbsp;Top&nbsp;Music \u00ab&nbsp;Une voix chaude [\u2026] On va passer au fil du disque par divers &hellip; Continuer la lecture de &laquo;&nbsp;&#8211; Pro &#8211;&nbsp;&raquo;\" \/>\n<meta property=\"og:url\" content=\"https:\/\/www.hervekerac.fr\/index.php\/pro\/\" \/>\n<meta property=\"og:site_name\" content=\"Herv\u00e9 K\u00e9rac\" \/>\n<meta property=\"article:publisher\" content=\"https:\/\/www.facebook.com\/hervekerac.officiel\/\" \/>\n<meta property=\"article:modified_time\" content=\"2022-04-03T11:15:21+00:00\" \/>\n<meta property=\"og:image\" content=\"http:\/\/www.hervekerac.fr\/wp-content\/uploads\/2018\/12\/Photo-presse-1.jpg\" \/>\n<meta name=\"twitter:card\" content=\"summary_large_image\" \/>\n<meta name=\"twitter:label1\" content=\"Dur\u00e9e de lecture estim\u00e9e\" \/>\n\t<meta name=\"twitter:data1\" content=\"5 minutes\" \/>\n<script type=\"application\/ld+json\" class=\"yoast-schema-graph\">{\"@context\":\"https:\\\/\\\/schema.org\",\"@graph\":[{\"@type\":\"WebPage\",\"@id\":\"https:\\\/\\\/www.hervekerac.fr\\\/index.php\\\/pro\\\/\",\"url\":\"https:\\\/\\\/www.hervekerac.fr\\\/index.php\\\/pro\\\/\",\"name\":\"- Pro - Herv\u00e9 K\u00e9rac\",\"isPartOf\":{\"@id\":\"https:\\\/\\\/www.hervekerac.fr\\\/#website\"},\"primaryImageOfPage\":{\"@id\":\"https:\\\/\\\/www.hervekerac.fr\\\/index.php\\\/pro\\\/#primaryimage\"},\"image\":{\"@id\":\"https:\\\/\\\/www.hervekerac.fr\\\/index.php\\\/pro\\\/#primaryimage\"},\"thumbnailUrl\":\"http:\\\/\\\/www.hervekerac.fr\\\/wp-content\\\/uploads\\\/2018\\\/12\\\/Photo-presse-1.jpg\",\"datePublished\":\"2020-02-06T09:43:00+00:00\",\"dateModified\":\"2022-04-03T11:15:21+00:00\",\"breadcrumb\":{\"@id\":\"https:\\\/\\\/www.hervekerac.fr\\\/index.php\\\/pro\\\/#breadcrumb\"},\"inLanguage\":\"fr-FR\",\"potentialAction\":[{\"@type\":\"ReadAction\",\"target\":[\"https:\\\/\\\/www.hervekerac.fr\\\/index.php\\\/pro\\\/\"]}]},{\"@type\":\"ImageObject\",\"inLanguage\":\"fr-FR\",\"@id\":\"https:\\\/\\\/www.hervekerac.fr\\\/index.php\\\/pro\\\/#primaryimage\",\"url\":\"http:\\\/\\\/www.hervekerac.fr\\\/wp-content\\\/uploads\\\/2018\\\/12\\\/Photo-presse-1.jpg\",\"contentUrl\":\"http:\\\/\\\/www.hervekerac.fr\\\/wp-content\\\/uploads\\\/2018\\\/12\\\/Photo-presse-1.jpg\"},{\"@type\":\"BreadcrumbList\",\"@id\":\"https:\\\/\\\/www.hervekerac.fr\\\/index.php\\\/pro\\\/#breadcrumb\",\"itemListElement\":[{\"@type\":\"ListItem\",\"position\":1,\"name\":\"Accueil\",\"item\":\"https:\\\/\\\/www.hervekerac.fr\\\/\"},{\"@type\":\"ListItem\",\"position\":2,\"name\":\"&#8211; Pro &#8211;\"}]},{\"@type\":\"WebSite\",\"@id\":\"https:\\\/\\\/www.hervekerac.fr\\\/#website\",\"url\":\"https:\\\/\\\/www.hervekerac.fr\\\/\",\"name\":\"Herv\u00e9 K\u00e9rac\",\"description\":\"La R\u00e9sistance - premier album\",\"potentialAction\":[{\"@type\":\"SearchAction\",\"target\":{\"@type\":\"EntryPoint\",\"urlTemplate\":\"https:\\\/\\\/www.hervekerac.fr\\\/?s={search_term_string}\"},\"query-input\":{\"@type\":\"PropertyValueSpecification\",\"valueRequired\":true,\"valueName\":\"search_term_string\"}}],\"inLanguage\":\"fr-FR\"}]}<\/script>\n<!-- \/ Yoast SEO plugin. -->","yoast_head_json":{"title":"- Pro - Herv\u00e9 K\u00e9rac","robots":{"index":"index","follow":"follow","max-snippet":"max-snippet:-1","max-image-preview":"max-image-preview:large","max-video-preview":"max-video-preview:-1"},"canonical":"https:\/\/www.hervekerac.fr\/index.php\/pro\/","og_locale":"fr_FR","og_type":"article","og_title":"- Pro - Herv\u00e9 K\u00e9rac","og_description":"Auteur-compositeur-interpr\u00e8te \u00ab\u00a0 T\u2019en connais beaucoup toi, des gars qui sont foutus de transformer un amas de mots en vo\u00fbte c\u00e9leste [\u2026] Le talent est l\u00e0, entre br\u00fblures tendres et m\u00e9lancolies embellies\u00a0\u00bb Or Norme \u00ab&nbsp;Un album \u00e0 mettre au programme de votre vie&nbsp;\u00bb&nbsp;Top&nbsp;Music \u00ab&nbsp;Une voix chaude [\u2026] On va passer au fil du disque par divers &hellip; Continuer la lecture de &laquo;&nbsp;&#8211; Pro &#8211;&nbsp;&raquo;","og_url":"https:\/\/www.hervekerac.fr\/index.php\/pro\/","og_site_name":"Herv\u00e9 K\u00e9rac","article_publisher":"https:\/\/www.facebook.com\/hervekerac.officiel\/","article_modified_time":"2022-04-03T11:15:21+00:00","og_image":[{"url":"http:\/\/www.hervekerac.fr\/wp-content\/uploads\/2018\/12\/Photo-presse-1.jpg","type":"","width":"","height":""}],"twitter_card":"summary_large_image","twitter_misc":{"Dur\u00e9e de lecture estim\u00e9e":"5 minutes"},"schema":{"@context":"https:\/\/schema.org","@graph":[{"@type":"WebPage","@id":"https:\/\/www.hervekerac.fr\/index.php\/pro\/","url":"https:\/\/www.hervekerac.fr\/index.php\/pro\/","name":"- Pro - Herv\u00e9 K\u00e9rac","isPartOf":{"@id":"https:\/\/www.hervekerac.fr\/#website"},"primaryImageOfPage":{"@id":"https:\/\/www.hervekerac.fr\/index.php\/pro\/#primaryimage"},"image":{"@id":"https:\/\/www.hervekerac.fr\/index.php\/pro\/#primaryimage"},"thumbnailUrl":"http:\/\/www.hervekerac.fr\/wp-content\/uploads\/2018\/12\/Photo-presse-1.jpg","datePublished":"2020-02-06T09:43:00+00:00","dateModified":"2022-04-03T11:15:21+00:00","breadcrumb":{"@id":"https:\/\/www.hervekerac.fr\/index.php\/pro\/#breadcrumb"},"inLanguage":"fr-FR","potentialAction":[{"@type":"ReadAction","target":["https:\/\/www.hervekerac.fr\/index.php\/pro\/"]}]},{"@type":"ImageObject","inLanguage":"fr-FR","@id":"https:\/\/www.hervekerac.fr\/index.php\/pro\/#primaryimage","url":"http:\/\/www.hervekerac.fr\/wp-content\/uploads\/2018\/12\/Photo-presse-1.jpg","contentUrl":"http:\/\/www.hervekerac.fr\/wp-content\/uploads\/2018\/12\/Photo-presse-1.jpg"},{"@type":"BreadcrumbList","@id":"https:\/\/www.hervekerac.fr\/index.php\/pro\/#breadcrumb","itemListElement":[{"@type":"ListItem","position":1,"name":"Accueil","item":"https:\/\/www.hervekerac.fr\/"},{"@type":"ListItem","position":2,"name":"&#8211; Pro &#8211;"}]},{"@type":"WebSite","@id":"https:\/\/www.hervekerac.fr\/#website","url":"https:\/\/www.hervekerac.fr\/","name":"Herv\u00e9 K\u00e9rac","description":"La R\u00e9sistance - premier album","potentialAction":[{"@type":"SearchAction","target":{"@type":"EntryPoint","urlTemplate":"https:\/\/www.hervekerac.fr\/?s={search_term_string}"},"query-input":{"@type":"PropertyValueSpecification","valueRequired":true,"valueName":"search_term_string"}}],"inLanguage":"fr-FR"}]}},"_links":{"self":[{"href":"https:\/\/www.hervekerac.fr\/index.php\/wp-json\/wp\/v2\/pages\/189","targetHints":{"allow":["GET"]}}],"collection":[{"href":"https:\/\/www.hervekerac.fr\/index.php\/wp-json\/wp\/v2\/pages"}],"about":[{"href":"https:\/\/www.hervekerac.fr\/index.php\/wp-json\/wp\/v2\/types\/page"}],"author":[{"embeddable":true,"href":"https:\/\/www.hervekerac.fr\/index.php\/wp-json\/wp\/v2\/users\/3"}],"replies":[{"embeddable":true,"href":"https:\/\/www.hervekerac.fr\/index.php\/wp-json\/wp\/v2\/comments?post=189"}],"version-history":[{"count":19,"href":"https:\/\/www.hervekerac.fr\/index.php\/wp-json\/wp\/v2\/pages\/189\/revisions"}],"predecessor-version":[{"id":1259,"href":"https:\/\/www.hervekerac.fr\/index.php\/wp-json\/wp\/v2\/pages\/189\/revisions\/1259"}],"wp:attachment":[{"href":"https:\/\/www.hervekerac.fr\/index.php\/wp-json\/wp\/v2\/media?parent=189"}],"curies":[{"name":"wp","href":"https:\/\/api.w.org\/{rel}","templated":true}]}}