{"id":90,"date":"2018-01-21T09:04:24","date_gmt":"2018-01-21T08:04:24","guid":{"rendered":"http:\/\/www.hervekerac.fr\/?page_id=90"},"modified":"2020-01-26T19:27:28","modified_gmt":"2020-01-26T18:27:28","slug":"pro-contacts","status":"publish","type":"page","link":"https:\/\/www.hervekerac.fr\/index.php\/pro-contacts\/","title":{"rendered":"<span style=\"color: #c6c6c6;\">CONTACTS<\/span>"},"content":{"rendered":"<p><span style=\"color: #999999;\"><strong><span style=\"font-family: avenir-light;\">CONTACT PRESSE\/RADIO\/TV:<\/span><span style=\"font-family: avenir-light;\"><span style=\"font-family: avenir-light;\"><br \/><\/span><\/span><\/strong><\/span><\/p>\n<div class=\"_4bl9\">\n<div class=\"_3-8w\">\n<div id=\"id_5e2dd98e1f4c98983490539\" class=\"text_exposed_root text_exposed\">Dooweet Agency<br \/>Christophe Sousa &#8211; chris@dooweet.org<span class=\"text_exposed_show\"><br \/>01 79 73 96 39 &#8211; 06 42 14 32 67<br \/>4 place Louis Armand<br \/>75012 Paris<\/span><\/div>\n<div>\u00a0<\/div>\n<\/div>\n<\/div>\n<p><span style=\"color: #999999;\"><strong><span style=\"font-family: avenir-light;\">CONTACT MANAGEMENT&amp;SCENE:<\/span><\/strong><\/span><br \/><span style=\"font-family: avenir-light; color: #ffffff;\"> email : contact@hervekerac.com<\/span><br \/><span style=\"color: #ffffff;\"> <span style=\"font-family: avenir-light;\">T\u00e9l :\u00a0<\/span><span style=\"font-family: avenir-light;\">06 83 37 42 73<\/span><\/span><\/p>\n\n\n<p><\/p>\n","protected":false},"excerpt":{"rendered":"<p>CONTACT PRESSE\/RADIO\/TV: Dooweet AgencyChristophe Sousa &#8211; chris@dooweet.org01 79 73 96 39 &#8211; 06 42 14 32 674 place Louis Armand75012 Paris \u00a0 CONTACT MANAGEMENT&amp;SCENE: email : contact@hervekerac.com T\u00e9l :\u00a006 83 37 42 73<\/p>\n","protected":false},"author":3,"featured_media":0,"parent":0,"menu_order":7,"comment_status":"closed","ping_status":"closed","template":"","meta":{"footnotes":""},"class_list":["post-90","page","type-page","status-publish","hentry"],"yoast_head":"<!-- This site is optimized with the Yoast SEO plugin v27.6 - https:\/\/yoast.com\/product\/yoast-seo-wordpress\/ -->\n<title>CONTACTS - Herv\u00e9 K\u00e9rac<\/title>\n<meta name=\"robots\" content=\"index, follow, max-snippet:-1, max-image-preview:large, max-video-preview:-1\" \/>\n<link rel=\"canonical\" href=\"https:\/\/www.hervekerac.fr\/index.php\/pro-contacts\/\" \/>\n<meta property=\"og:locale\" content=\"fr_FR\" \/>\n<meta property=\"og:type\" content=\"article\" \/>\n<meta property=\"og:title\" content=\"CONTACTS - Herv\u00e9 K\u00e9rac\" \/>\n<meta property=\"og:description\" content=\"CONTACT PRESSE\/RADIO\/TV: Dooweet AgencyChristophe Sousa &#8211; chris@dooweet.org01 79 73 96 39 &#8211; 06 42 14 32 674 place Louis Armand75012 Paris \u00a0 CONTACT MANAGEMENT&amp;SCENE: email : contact@hervekerac.com T\u00e9l :\u00a006 83 37 42 73\" \/>\n<meta property=\"og:url\" content=\"https:\/\/www.hervekerac.fr\/index.php\/pro-contacts\/\" \/>\n<meta property=\"og:site_name\" content=\"Herv\u00e9 K\u00e9rac\" \/>\n<meta property=\"article:publisher\" content=\"https:\/\/www.facebook.com\/hervekerac.officiel\/\" \/>\n<meta property=\"article:modified_time\" content=\"2020-01-26T18:27:28+00:00\" \/>\n<meta name=\"twitter:card\" content=\"summary_large_image\" \/>\n<script type=\"application\/ld+json\" class=\"yoast-schema-graph\">{\"@context\":\"https:\\\/\\\/schema.org\",\"@graph\":[{\"@type\":\"WebPage\",\"@id\":\"https:\\\/\\\/www.hervekerac.fr\\\/index.php\\\/pro-contacts\\\/\",\"url\":\"https:\\\/\\\/www.hervekerac.fr\\\/index.php\\\/pro-contacts\\\/\",\"name\":\"CONTACTS - Herv\u00e9 K\u00e9rac\",\"isPartOf\":{\"@id\":\"https:\\\/\\\/www.hervekerac.fr\\\/#website\"},\"datePublished\":\"2018-01-21T08:04:24+00:00\",\"dateModified\":\"2020-01-26T18:27:28+00:00\",\"breadcrumb\":{\"@id\":\"https:\\\/\\\/www.hervekerac.fr\\\/index.php\\\/pro-contacts\\\/#breadcrumb\"},\"inLanguage\":\"fr-FR\",\"potentialAction\":[{\"@type\":\"ReadAction\",\"target\":[\"https:\\\/\\\/www.hervekerac.fr\\\/index.php\\\/pro-contacts\\\/\"]}]},{\"@type\":\"BreadcrumbList\",\"@id\":\"https:\\\/\\\/www.hervekerac.fr\\\/index.php\\\/pro-contacts\\\/#breadcrumb\",\"itemListElement\":[{\"@type\":\"ListItem\",\"position\":1,\"name\":\"Accueil\",\"item\":\"https:\\\/\\\/www.hervekerac.fr\\\/\"},{\"@type\":\"ListItem\",\"position\":2,\"name\":\"CONTACTS\"}]},{\"@type\":\"WebSite\",\"@id\":\"https:\\\/\\\/www.hervekerac.fr\\\/#website\",\"url\":\"https:\\\/\\\/www.hervekerac.fr\\\/\",\"name\":\"Herv\u00e9 K\u00e9rac\",\"description\":\"La R\u00e9sistance - premier album\",\"potentialAction\":[{\"@type\":\"SearchAction\",\"target\":{\"@type\":\"EntryPoint\",\"urlTemplate\":\"https:\\\/\\\/www.hervekerac.fr\\\/?s={search_term_string}\"},\"query-input\":{\"@type\":\"PropertyValueSpecification\",\"valueRequired\":true,\"valueName\":\"search_term_string\"}}],\"inLanguage\":\"fr-FR\"}]}<\/script>\n<!-- \/ Yoast SEO plugin. -->","yoast_head_json":{"title":"CONTACTS - Herv\u00e9 K\u00e9rac","robots":{"index":"index","follow":"follow","max-snippet":"max-snippet:-1","max-image-preview":"max-image-preview:large","max-video-preview":"max-video-preview:-1"},"canonical":"https:\/\/www.hervekerac.fr\/index.php\/pro-contacts\/","og_locale":"fr_FR","og_type":"article","og_title":"CONTACTS - Herv\u00e9 K\u00e9rac","og_description":"CONTACT PRESSE\/RADIO\/TV: Dooweet AgencyChristophe Sousa &#8211; chris@dooweet.org01 79 73 96 39 &#8211; 06 42 14 32 674 place Louis Armand75012 Paris \u00a0 CONTACT MANAGEMENT&amp;SCENE: email : contact@hervekerac.com T\u00e9l :\u00a006 83 37 42 73","og_url":"https:\/\/www.hervekerac.fr\/index.php\/pro-contacts\/","og_site_name":"Herv\u00e9 K\u00e9rac","article_publisher":"https:\/\/www.facebook.com\/hervekerac.officiel\/","article_modified_time":"2020-01-26T18:27:28+00:00","twitter_card":"summary_large_image","schema":{"@context":"https:\/\/schema.org","@graph":[{"@type":"WebPage","@id":"https:\/\/www.hervekerac.fr\/index.php\/pro-contacts\/","url":"https:\/\/www.hervekerac.fr\/index.php\/pro-contacts\/","name":"CONTACTS - Herv\u00e9 K\u00e9rac","isPartOf":{"@id":"https:\/\/www.hervekerac.fr\/#website"},"datePublished":"2018-01-21T08:04:24+00:00","dateModified":"2020-01-26T18:27:28+00:00","breadcrumb":{"@id":"https:\/\/www.hervekerac.fr\/index.php\/pro-contacts\/#breadcrumb"},"inLanguage":"fr-FR","potentialAction":[{"@type":"ReadAction","target":["https:\/\/www.hervekerac.fr\/index.php\/pro-contacts\/"]}]},{"@type":"BreadcrumbList","@id":"https:\/\/www.hervekerac.fr\/index.php\/pro-contacts\/#breadcrumb","itemListElement":[{"@type":"ListItem","position":1,"name":"Accueil","item":"https:\/\/www.hervekerac.fr\/"},{"@type":"ListItem","position":2,"name":"CONTACTS"}]},{"@type":"WebSite","@id":"https:\/\/www.hervekerac.fr\/#website","url":"https:\/\/www.hervekerac.fr\/","name":"Herv\u00e9 K\u00e9rac","description":"La R\u00e9sistance - premier album","potentialAction":[{"@type":"SearchAction","target":{"@type":"EntryPoint","urlTemplate":"https:\/\/www.hervekerac.fr\/?s={search_term_string}"},"query-input":{"@type":"PropertyValueSpecification","valueRequired":true,"valueName":"search_term_string"}}],"inLanguage":"fr-FR"}]}},"_links":{"self":[{"href":"https:\/\/www.hervekerac.fr\/index.php\/wp-json\/wp\/v2\/pages\/90","targetHints":{"allow":["GET"]}}],"collection":[{"href":"https:\/\/www.hervekerac.fr\/index.php\/wp-json\/wp\/v2\/pages"}],"about":[{"href":"https:\/\/www.hervekerac.fr\/index.php\/wp-json\/wp\/v2\/types\/page"}],"author":[{"embeddable":true,"href":"https:\/\/www.hervekerac.fr\/index.php\/wp-json\/wp\/v2\/users\/3"}],"replies":[{"embeddable":true,"href":"https:\/\/www.hervekerac.fr\/index.php\/wp-json\/wp\/v2\/comments?post=90"}],"version-history":[{"count":26,"href":"https:\/\/www.hervekerac.fr\/index.php\/wp-json\/wp\/v2\/pages\/90\/revisions"}],"predecessor-version":[{"id":1126,"href":"https:\/\/www.hervekerac.fr\/index.php\/wp-json\/wp\/v2\/pages\/90\/revisions\/1126"}],"wp:attachment":[{"href":"https:\/\/www.hervekerac.fr\/index.php\/wp-json\/wp\/v2\/media?parent=90"}],"curies":[{"name":"wp","href":"https:\/\/api.w.org\/{rel}","templated":true}]}}